?
57ca3
In base 12, what is -9821511 + 16?
-98214b7
In base 4, what is 10 + 133200133220?
133200133230
In base 3, what is 10201220002020121 - -2?
10201220002020200
In base 12, what is -20322 - -216?
-20108
In base 9, what is 0 + -13728713?
-13728713
In base 13, what is 1 + 2a9084?
2a9085
In base 4, what is -232132 - -10022332?
3130200
In base 6, what is 13442121 + 31?
13442152
In base 11, what is 10590657a - -5?
105906584
In base 14, what is -1b8ac6d + -6?
-1b8ac75
In base 6, what is 13210 + -203153?
-145543
In base 3, what is -10002 - 202121200001200?
-202121200011202
In base 10, what is 2 + 2737221?
2737223
In base 5, what is -2 - -134233314?
134233312
In base 11, what is -370476a - -2?
-3704768
In base 5, what is -4022442 + 2330?
-4020112
In base 3, what is -12201221 + 10011120111?
2221211120
In base 9, what is -111 + 123363?
123252
In base 12, what is 2507 - -398?
28a3
In base 16, what is -19 + 3aefed?
3aefd4
In base 13, what is 4 + -82a871?
-82a86a
In base 12, what is -35 - -802424?
8023ab
In base 8, what is -5156374 - 63?
-5156457
In base 9, what is 5 + 1812461?
1812466
In base 2, what is 100 + -101110111011001011011?
-101110111011001010111
In base 9, what is 38433825 + 1?
38433826
In base 15, what is 1 - -aa0534?
aa0535
In base 8, what is -3 - 24244116?
-24244121
In base 7, what is -2365451 - -41?
-2365410
In base 15, what is -12eda2 + -dd?
-12ee90
In base 2, what is -1100111100100101001101001 + -1?
-1100111100100101001101010
In base 2, what is 1100101000101101100000100 - 100?
1100101000101101100000000
In base 13, what is -5 + -590c489?
-590c491
In base 4, what is -22200113300 - -11?
-22200113223
In base 4, what is 232120131 - -10?
232120201
In base 4, what is 20 - 101033233?
-101033213
In base 4, what is 1220312031 - -131?
1220312222
In base 8, what is 165666 + 365?
166253
In base 5, what is -114140411 - -104?
-114140302
In base 13, what is 2 + 278c1848?
278c184a
In base 3, what is -1100220122100 + -110121?
-1100221002221
In base 5, what is 4104 + -42114343?
-42110234
In base 15, what is -63c - -1549?
e0c
In base 9, what is -74 - -1037554?
1037470
In base 7, what is -10 - -104350214?
104350204
In base 16, what is 32cb11 + b?
32cb1c
In base 15, what is 264a7 - -42?
264e9
In base 7, what is 1 + -112165335?
-112165334
In base 11, what is -551854 - 3?
-551857
In base 12, what is 3b643 - -12a?
3b771
In base 7, what is 64245 + 3341?
100616
In base 4, what is -1020313231323 + 12?
-1020313231311
In base 4, what is -21023 - 120000102?
-120021131
In base 14, what is -3 + 6c2d4d?
6c2d4a
In base 9, what is -146146057 - 0?
-146146057
In base 10, what is 0 - 19123717?
-19123717
In base 8, what is -3 + -112640352?
-112640355
In base 3, what is -11201212120110 + 21?
-11201212120012
In base 10, what is 304 + -2691539?
-2691235
In base 12, what is -349 - -17626?
17299
In base 11, what is -a + -2337270?
-233727a
In base 9, what is -4 + -24638473?
-24638477
In base 7, what is -46610 + 3543?
-43034
In base 9, what is 178800 + -2714?
176075
In base 5, what is -101214322 - 122?
-101214444
In base 5, what is -2 - -1332211421?
1332211414
In base 7, what is -2 + 34014660?
34014655
In base 14, what is -2 + -d91305?
-d91307
In base 13, what is -42aa + -5090?
-936a
In base 6, what is 1553 + -221033?
-215040
In base 8, what is 34 - -1601242?
1601276
In base 10, what is -787 - 10219?
-11006
In base 10, what is 2090081 - -114?
2090195
In base 14, what is -6b - d8876?
-d8903
In base 5, what is 40230021 + 114?
40230140
In base 5, what is 1430144 + -112341?
1312303
In base 14, what is 4db232 + 3?
4db235
In base 16, what is 271 + -874a?
-84d9
In base 3, what is 202200011101200112 + 1?
202200011101200120
In base 2, what is -11001 - -10111110001011110101?
10111110001011011100
In base 11, what is 24a9a5a1 - -3?
24a9a5a4
In base 11, what is 12 + -915347?
-915335
In base 12, what is -1833 - -7b16?
62a3
In base 7, what is 16 + -4044626?
-4044610
In base 4, what is -2232012222 + -12?
-2232012300
In base 5, what is 2420403 + 211?
2421114
In base 7, what is -3333212403 + 1?
-3333212402
In base 12, what is 533674 - -6a?
533722
In base 14, what is -1b654b0 + -17?
-1b654c7
In base 10, what is -80054 - 48?
-80102
In base 15, what is -5 - 5901c1b?
-5901c21
In base 16, what is 1 - -1041e6?
1041e7
In base 2, what is -10 + -1110100101000001011000000010?
-1110100101000001011000000100
In base 16, what is -1 - -3b28d4?
3b28d3
In base 10, what is -3 - 16555907?
-16555910
In base 5, what is -13124034141 - 1?
-13124034142
In base 9, what is -4648171 - 4?
-4648175
In base 6, what is 2354335 - -142?
2354521
In base 8, what is -10540 + -234?
-10774
In base 10, what is 12 + 37543952?
37543964
In base 13, what is -2c50 - c954?
-128a4
In base 11, what is -13059132 - 0?
-13059132
In base 9, what is -171 - -22270363?
22270182
In base 12, what is 14 - -60110a?
601122
In base 10, what is 6 - -783132?
783138
In base 6, what is -11150431 - 45?
-11150520
In base 4, what is 133330213 - -112?
133330331
In base 14, what is 11c4 + 889?
1a6d
In base 10, what is 703 + -7513?
-6810
In base 3, what is -111001110011122 + -1?
-111001110011200
In base 14, what is c7b74d0 + 5?
c7b74d5
In base 4, what is -20031222 + 2330230?
-11100332
In base 5, what is -13233223324 + -42?
-13233223421
In base 12, what is -2a1b217 - -2?
-2a1b215
In base 4, what is 3 - -1113021213220?
1113021213223
In base 11, what is -88a754 - -2?
-88a752
In base 7, what is 23204 + -2516?
20355
In base 15, what is 8 + -2ce0d2?
-2ce0c9
In base 8, what is 14 + -32770775?
-32770761
In base 15, what is 1d7 - c9492?
-c92aa
In base 12, what is -3344 - 52bb?
-8643
In base 4, what is -1020310032 - 11321?
-1020322013
In base 4, what is -1 + -1232212110100?
-1232212110101
In base 16, what is 827 + -19b?
68c
In base 16, what is -b4d46b - -62?
-b4d409
In base 11, what is 3396 - 4965?
-157a
In base 12, what is 164 - 49980?
-49818
In base 8, what is -1210 + -160304?
-161514
In base 3, what is 11 + 22011120101211?
22011120101222
In base 11, what is 203928 + 4a5?
204322
In base 15, what is 4 - e7e3de4?
-e7e3de0
In base 9, what is -5013881 + 658?
-5013222
In base 16, what is 73a - 31b?
41f
In base 10, what is -170 - 1893617?
-1893787
In base 5, what is 2414 - 2430211?
-2422242
In base 2, what is 0 - -100010010111100001000111?
100010010111100001000111
In base 12, what is -592043b - 0?
-592043b
In base 6, what is 21501150 + -10?
21501140
In base 14, what is -4 + -b621d8b?
-b621d91
In base 13, what is 6326 - 110?
6216
In base 9, what is 10054088 - -114?
10054213
In base 15, what is d4692 + 40?
d46d2
In base 10, what is 4 - 2477967?
-2477963
In base 8, what is 0 - 2501127?
-2501127
In base 13, what is -3 - 10a72cb?
-10a7301
In base 8, what is 157 + -3536102?
-3535723
In base 5, what is 2141202112 + 30?
2141202142
In base 4, what is -10 - 1011323022030?
-1011323022100
In base 13, what is 99c29 + -1a7?
99a52
In base 7, what is 1452 - -1345005?
1346460
In base 7, what is 132 - 16320445?
-16320313
In base 9, what is 827056 + -1636?
825320
In base 4, what is 320132232002 + 2?
320132232010
In base 9, what is 0 + 185266241?
185266241
In base 13, what is 60c - 1614ab?
-160b9c
In base 7, what is 36135120 + 6?
36135126
In base 11, what is 38394 + -2580?
35914
In base 16, what is fb78f7 + 5?
fb78fc
In base 6, what is 21 + -3254243?
-3254222
In base 5, what is -40201440 - -100?
-40201340
In base 2, what is -101001110101001011100 + -100?
-101001110101001100000
In base 15, what is -c + 9d2b70d?
9d2b701
In base 15, what is 800876 - 0?
800876
In base 15, what is -c5 + -39594?
-39669
In base 15, what is 6 + -68932d?
-689327
In base 9, what is -40 + -810805?
-810845
In base 6, what is -4531523 - 310?
-4532233
In base 4, what is -20111202021220 - -2?
-20111202021212
In base 5, what is 220420 - -2201213?
2422133
In base 4, what is 12 - -33210103211?
33210103223
In base 2, what is 1010011 + -1000010110000101101?
-1000010101111011010
In base 12, what is -3 + -a90b0a?
-a90b11
In base 16, what is 103f + -17?
1028
In base 6, what is 504 + -133141505?
-133141001
In base 12, what is 375320 - -355?
375675
In base 5, what is -2012124 + 103322?
-1403302
In base 9, what is -66026327 + 5?
-66026322
In base 5, what is 2304330330 + 24?
2304330404
In base 16, what is -3f9 - -13a8?
faf
In base 9, what i